hat is 0 - -3032?
3032
In base 4, what is 313103 - -1?
313110
In base 11, what is 3 + 118?
120
In base 11, what is 33a1 - -6?
33a7
In base 6, what is -320 - 12?
-332
In base 11, what is -4 - 207?
-210
In base 16, what is 10a - 4?
106
In base 15, what is -8 + 4?
-4
In base 5, what is 13 + -42?
-24
In base 15, what is 1 + -1?
0
In base 5, what is 24 + -1300?
-1221
In base 14, what is -10 + 3?
-b
In base 10, what is 2 - 5845?
-5843
In base 5, what is -1413 - 2?
-1420
In base 13, what is -4 - -53?
4c
In base 5, what is 10 - -433?
443
In base 9, what is 71 + -6?
64
In base 5, what is -21 + 3010?
2434
In base 3, what is 2 + 1210?
1212
In base 16, what is 46 - -44?
8a
In base 15, what is 1758 - -1?
1759
In base 14, what is -2 - -385?
383
In base 6, what is 231 - 3?
224
In base 11, what is 155 - -67?
211
In base 16, what is 4c - -5?
51
In base 11, what is 718 + -10?
708
In base 6, what is 1203 - -120?
1323
In base 5, what is 340 + -2?
333
In base 9, what is -7 + 13?
5
In base 2, what is -10 + 11111?
11101
In base 7, what is -26 - 1011?
-1040
In base 16, what is -260 - 0?
-260
In base 11, what is 2276 + -6?
2270
In base 9, what is 3 + 571?
574
In base 11, what is -11 + -6?
-17
In base 15, what is 1dd + -3?
1da
In base 13, what is 0 - 131?
-131
In base 12, what is 22 + -a?
14
In base 3, what is 1 - -22100?
22101
In base 11, what is 2602 + 1?
2603
In base 5, what is 312143 - -10?
312203
In base 4, what is -12 + 22?
10
In base 5, what is 1 + 1201?
1202
In base 7, what is 342 - 4?
335
In base 4, what is 11 - 202?
-131
In base 10, what is -13 - 17?
-30
In base 2, what is 10011100011100 + 11?
10011100011111
In base 9, what is -2 + 35?
33
In base 13, what is 6 + b4?
ba
In base 2, what is -1101110 - -1001001?
-100101
In base 4, what is -1313 + 11?
-1302
In base 4, what is -2 + -322201?
-322203
In base 3, what is 10110 + 1120?
12000
In base 4, what is 0 + 1102?
1102
In base 14, what is -93c4 - -1?
-93c3
In base 8, what is 44 - -1?
45
In base 15, what is -1 - 5b?
-5c
In base 6, what is -222 - 1202?
-1424
In base 4, what is 2 + -220?
-212
In base 15, what is -67 - 32?
-99
In base 4, what is 21022 - 3?
21013
In base 9, what is 33 - 60?
-26
In base 8, what is -105 - 1?
-106
In base 8, what is 1 - 12506?
-12505
In base 3, what is -2112 + -220?
-10102
In base 14, what is -6ab + -1?
-6ac
In base 4, what is 10 + 101000?
101010
In base 4, what is -233211 - -2?
-233203
In base 2, what is 101101000 - -10?
101101010
In base 10, what is 2 + 277?
279
In base 5, what is 4 + 344?
403
In base 14, what is 127 + 3?
12a
In base 10, what is -857 - 6?
-863
In base 4, what is -12 + 32?
20
In base 3, what is 1110020101 - 10?
1110020021
In base 3, what is -1101020 - -12?
-1101001
In base 9, what is 31 - 5?
25
In base 5, what is 1 - -34?
40
In base 16, what is -1 + -df5?
-df6
In base 5, what is -441 + 0?
-441
In base 12, what is 19 + 14?
31
In base 9, what is -3 - 163?
-166
In base 11, what is -66 + -3?
-69
In base 12, what is -487 - -11?
-476
In base 7, what is -143 + -3?
-146
In base 6, what is -1 + -20345?
-20350
In base 11, what is 4414 + 0?
4414
In base 4, what is -3 - -2130?
2121
In base 6, what is 314 - 1?
313
In base 12, what is -6 - -78?
72
In base 10, what is 4 - 52?
-48
In base 15, what is -1d - -57?
39
In base 7, what is -20 + 154?
134
In base 10, what is 28 - -216?
244
In base 10, what is 52 + 62?
114
In base 5, what is 43 - -2311?
2404
In base 6, what is 1035 - -10?
1045
In base 8, what is 33 + 152?
205
In base 16, what is 4 + 29?
2d
In base 5, what is -13011 + -4?
-13020
In base 12, what is 180 - -4?
184
In base 2, what is 11100001111 + 1?
11100010000
In base 5, what is -300 + 10?
-240
In base 10, what is 3 + 981?
984
In base 10, what is -12 + -111?
-123
In base 8, what is -106 + 17?
-67
In base 3, what is -2 - -121010?
121001
In base 9, what is 1077 - 3?
1074
In base 12, what is 3 - -17a?
181
In base 2, what is 1001111111 + -100?
1001111011
In base 2, what is 1000011011 - -1001?
1000100100
In base 13, what is 2b6 - -2?
2b8
In base 11, what is 20 - -3?
23
In base 9, what is -34628 - -1?
-34627
In base 13, what is 1 + 54?
55
In base 5, what is 210330 - -3?
210333
In base 8, what is 6 + -216?
-210
In base 2, what is 100 + -10110011001?
-10110010101
In base 9, what is -1722 + -5?
-1727
In base 9, what is -1 + -1087?
-1088
In base 16, what is 183 + 16?
199
In base 6, what is 4544 - -11?
4555
In base 16, what is 1 - -427?
428
In base 16, what is 2a8 - 1?
2a7
In base 2, what is -100 + 1?
-11
In base 6, what is -14 - -251?
233
In base 12, what is -4 + 8a?
86
In base 15, what is 20 - -75?
95
In base 9, what is 3 + -100?
-86
In base 4, what is -10010302 - 0?
-10010302
In base 13, what is 682 + 3?
685
In base 4, what is -1233320 - -2?
-1233312
In base 10, what is -42258 + 1?
-42257
In base 5, what is 242 - -4?
301
In base 12, what is -2 + -223?
-225
In base 16, what is d + -92d?
-920
In base 10, what is 27 + 98?
125
In base 3, what is 12 + -10?
2
In base 11, what is -4 + -46?
-4a
In base 5, what is -143302 + 1?
-143301
In base 2, what is -11 - 101000?
-101011
In base 15, what is 1d9 - -4?
1dd
In base 10, what is -171 - 3?
-174
In base 13, what is -2 + -9b?
-a0
In base 5, what is 1 + -441?
-440
In base 6, what is 2 + 24503?
24505
In base 10, what is -26 + 17?
-9
In base 13, what is -40 - -4?
-39
In base 7, what is 46 + -32?
14
In base 12, what is -87 + 3?
-84
In base 2, what is -1010011011 - -1?
-1010011010
In base 15, what is -57b - 4?
-580
In base 13, what is 191 - -1?
192
In base 6, what is 15 + -2?
13
In base 10, what is 5 - 447?
-442
In base 10, what is 3 - -84?
87
In base 16, what is -3 + -1?
-4
In base 9, what is 165 + 121?
286
In base 2, what is -1 - 1000?
-1001
In base 16, what is -62 - -43?
-1f
In base 13, what is -4 - -24c?
248
In base 10, what is -91 + 3?
-88
In base 12, what is -1 + -44?
-45
In base 8, what is -762 - 1?
-763
In base 13, what is -2 + -71?
-73
In base 7, what is -1 + 210?
206
In base 14, what is -b8 - 2?
-ba
In base 10, what is -45 + 1?
-44
In base 12, what is -4 + -7a?
-82
In base 2, what is 1001010 + 11?
1001101
In base 8, what is 3 - -146?
151
In base 14, what is -2 - 6?
-8
In base 15, what is 447 - 1?
446
In base 3, what is 10001 - 101?
2200
In base 13, what is 70b0 - 1?
70ac
In base 9, what is 3661 + 5?
3666
In base 5, what is 14 + 2313?
2332
In base 11, what is 12 + -33?
-21
In base 14, what is -24 + 16?
-c
In base 4, what is -31201 - -11?
-31130
In base 14, what is -b + 3?
-8
In base 8, what is -1244 - 7?
-1253
In base 2, what is 11101 - -101000?
1000101
In base 11, what is -14 - -115?
101
In base 13, what is 122 - b?
114
In base 15, what is -6 - 24?
-2a
In base 7, what is -53 + -51?
-134
In base 10, what is -5 + -66?
-71
In base 11, what is 87 - 10?
77
In base 11, what is -4 - -623?
61a
In base 10, what is 8 + -13?
-5
In base 3, what is 22002111 + 2?
22002120
In base 14, what is -b0 + b?
-a3
In base 10, what is 262 - -3?
265
In base 7, what is 533 - -2?
535
In base 11, what is -2 + 90?
89
In base 7, what is 14 - -61?
105
In base 4, what is 20 - -1202?
1222
In base 14, what is 262 + -3?
25d
In base 3, what is -12 + -11?
-100
In base 13, what is -300a - 5?
-3012
In base 15, what is -4 + -8b?
-90
In base 12, what is 6117 - 1?
6116
In base 16, what is 15 - -404?
419
In base 2, what is -100110 + 1010011?
101101
In base 7, what is 22 - -3?
25
In base 4, what is 1301102 - 2?
1301100
In base 8, what is 2504 - 6?
2476
In base 12, what is 3 - b05?
-b02
In base 4, what is -10201 - 1203?
-12010
In base 7, what is -3 - -125?
122
In base 2, what is -100100100011 - 101?
-100100101000
In base 4, what is 30201011 - -1?
30201012
In base 5, what is -10 - 20230?
-20240
In base 15, what is -3 + -7a?
-7d
In base 8, what is 14 + 70?
104
In base 14, what is -922 - -5?
-91b
In base 3, what is 11 - 201010?
-200222
In base 9, what is -12140 + 1?
-12138
In base 16, what is 27d - -2?
27f
In base 11, what is -3 + 10?
8
In base 12, what is 0 + -2a?
-2a
In base 10, what is 123 + -1?
122
In base 14, what is 709 - 5?
704
In base 15, what is -5 - -57?
52
In base 15, what is -38 - 22?
-5a
In base 14, what is -6a35 + 5?
-6a30
In base 2, what is 100010 + -111001?
-10111
In base 7, what is -54 - -24?
-30
In base 4, what is 102 - 12?
30
In base 13, what is 22b5 + 3?
22b8
In base 7,